{"id":43936,"date":"2026-02-04T10:37:27","date_gmt":"2026-02-04T08:37:27","guid":{"rendered":"https:\/\/termalica.brukbet.com\/?page_id=43936"},"modified":"2026-02-05T12:05:17","modified_gmt":"2026-02-05T10:05:17","slug":"warsztaty26","status":"publish","type":"page","link":"https:\/\/termalica.brukbet.com\/index.php\/warsztaty26\/","title":{"rendered":"Szkolenie dla trener\u00f3w pi\u0142ki no\u017cnej i nauczycieli wychowania fizycznego"},"content":{"rendered":"<p style=\"text-align: center;\"><img fetchpriority=\"high\" decoding=\"async\" class=\"aligncenter size-large wp-image-43973\" src=\"https:\/\/termalica.brukbet.com\/wp-content\/uploads\/2026\/02\/Szkolenie-grafika-EU-724x1024.png\" alt=\"\" width=\"724\" height=\"1024\" srcset=\"https:\/\/termalica.brukbet.com\/wp-content\/uploads\/2026\/02\/Szkolenie-grafika-EU-724x1024.png 724w, https:\/\/termalica.brukbet.com\/wp-content\/uploads\/2026\/02\/Szkolenie-grafika-EU-212x300.png 212w, https:\/\/termalica.brukbet.com\/wp-content\/uploads\/2026\/02\/Szkolenie-grafika-EU-768x1086.png 768w, https:\/\/termalica.brukbet.com\/wp-content\/uploads\/2026\/02\/Szkolenie-grafika-EU-1086x1536.png 1086w, https:\/\/termalica.brukbet.com\/wp-content\/uploads\/2026\/02\/Szkolenie-grafika-EU.png 1414w\" sizes=\"(max-width: 724px) 100vw, 724px\" \/><\/p>\r\n<p>&nbsp;<\/p>\r\n<p>Zapraszamy trener\u00f3w pi\u0142ki no\u017cnej pracuj\u0105cych z dzie\u0107mi i m\u0142odzie\u017c\u0105 oraz nauczycieli wychowania fizycznego (szko\u0142a podstawowa i ponadpodstawowa)\u00a0 na\u00a0 <strong>bezp\u0142atne spotkanie <\/strong><strong>szkoleniowe<\/strong> w Akademii Pi\u0142karskiej Bruk-Bet Termalica. Wydarzenie rozpocznie si\u0119 we wtorek <strong>24 lutego<\/strong> o godz. <strong>15:30<\/strong> w sali konferencyjnej na stadionie pi\u0142karskim w Niecieczy.<\/p>\r\n<h3>\u00a0<\/h3>\r\n<h3><em>Jak szkolimy? Dlaczego tak? Co realnie dzia\u0142a na boisku?<\/em><\/h3>\r\n<p>&nbsp;<\/p>\r\n<p>Podczas spotkania przedstawimy model pracy Akademii Pi\u0142karskiej Bruk-Bet Termalica Nieciecza, nowoczesne metody szkolenia oraz dobre praktyki inspirowane sta\u017cem trenerskim w <strong>FC Girona<\/strong>, realizowanym w ramach programu <strong>Erasmus+ Sport<\/strong>.<\/p>\r\n<p>Prowadz\u0105cym warsztaty b\u0119dzie <strong>Krzysztof Lipecki\u00a0<\/strong> &#8211; koordynator Akademii Pi\u0142karskiej w Niecieczy, trener edukator Ma\u0142opolskiego Zwi\u0105zku Pi\u0142ki No\u017cnej, posiadaj\u0105cy licencj\u0119 UEFA A Elite Youth, absolwent kursu Dyrektora Sportowego przy Szkole Trener\u00f3w PZPN.<\/p>\r\n<p>&nbsp;<\/p>\r\n<h3><strong>Program wydarzenia:<\/strong><\/h3>\r\n<ul>\r\n<li><strong>15:30<\/strong> \u2013 sala konferencyjna na Stadionie &#8211; <em><strong>prezentacja filozofii i organizacji szkolenia w Akademii\u00a0<\/strong><\/em><\/li>\r\n<li><strong>16:30<\/strong> &#8211; obiekty treningowe \u2013 <em>obserwacja wybranych trening\u00f3w akademii<\/em> (dla ch\u0119tnych)<br \/>Ty decydujesz, co ogl\u0105dasz \u2013 Skrzat, \u017bak, Orlik, M\u0142odzik, Trampkarz, Junior m\u0142odszy lub starszy<\/li>\r\n<li>Rozmowy z trenerami \u2013 pytania, wymiana do\u015bwiadcze\u0144, praktyczne wnioski<\/li>\r\n<\/ul>\r\n<h3>\u00a0<\/h3>\r\n<h3>Aby uczestniczy\u0107 w wydarzeniu prosimy o wype\u0142nienie formularza zg\u0142osze\u0144 dost\u0119pnego obok &#8211; <a href=\"https:\/\/forms.gle\/bbtYNDxfGjakquA68\" target=\"_blank\" rel=\"noopener\"><span style=\"color: #ff6600;\">TUTAJ<\/span><\/a><\/h3>\r\n<h3>\u00a0<\/h3>\r\n<h3><strong>Certyfikat uczestnictwa<\/strong><\/h3>\r\n<p>Ka\u017cdy uczestnik, kt\u00f3ry zapisze si\u0119 na wydarzenie, otrzyma imienny <strong>certyfikat<\/strong> potwierdzaj\u0105cy udzia\u0142 w warsztatach z nowoczesnych metod szkolenia pi\u0142karskiego.<\/p>\r\n<p><br \/>To spotkanie dla tych, kt\u00f3rzy chc\u0105 zobaczy\u0107 szkolenie na \u017cywo, a nie tylko o nim pos\u0142ucha\u0107 i wyj\u015b\u0107 z pomys\u0142ami gotowymi do wykorzystania od nast\u0119pnej lekcji WF lub treningu.<\/p>\r\n<p>&nbsp;<\/p>\r\n<h4 style=\"text-align: center;\"><em>Przyjd\u017a. Zobacz. Zainspiruj si\u0119. We\u017a praktyk\u0119, nie teori\u0119.<\/em><\/h4>\r\n<!-- \/wp:post-content --><!-- \/wp:list -->\r\n\r\n<!-- wp:spacer {\"height\":\"50px\"} -->\r\n<div aria-hidden=\"true\">\u00a0<\/div>\r\n<div aria-hidden=\"true\">\u00a0<\/div>\r\n<div aria-hidden=\"true\">\u00a0<\/div>\r\n<!-- \/wp:spacer -->\r\n\r\n<!-- wp:paragraph {\"align\":\"center\",\"backgroundColor\":\"luminous-vivid-orange\",\"textColor\":\"white\"} -->\r\n<p class=\"has-text-align-center has-white-color has-luminous-vivid-orange-background-color has-text-color has-background\"><strong>KONTAKT<\/strong><\/p>\r\n<!-- \/wp:paragraph -->\r\n\r\n<!-- wp:paragraph {\"align\":\"center\"} -->\r\n<p class=\"has-text-align-center\"><strong>Koordynator warsztat\u00f3w<\/strong><\/p>\r\n<!-- \/wp:paragraph -->\r\n\r\n<!-- wp:paragraph {\"align\":\"center\"} -->\r\n<p class=\"has-text-align-center\">Krzysztof Lipecki<\/p>\r\n<!-- \/wp:paragraph -->\r\n\r\n<!-- wp:paragraph {\"align\":\"center\"} -->\r\n<p class=\"has-text-align-center\">tel. 606\u00a0724\u00a0304<\/p>\r\n<!-- \/wp:paragraph -->\r\n\r\n<!-- wp:paragraph {\"align\":\"center\"} -->\r\n<p class=\"has-text-align-center\">krzysztof.lipecki@bruk-bet.pl<\/p>\r\n<p>&nbsp;<\/p>\r\n<hr \/>\r\n<p>&nbsp;<\/p>\r\n<div style=\"text-align: center;\" aria-hidden=\"true\">Projekt \u201eMobilno\u015b\u0107 trener\u00f3w Akademii Pi\u0142karskiej Bruk-Bet Termalica w Hiszpanii\u201d jest dofinansowany przez Uni\u0119 Europejsk\u0105 w ramach programu Erasmus+ Sport.<\/div>\r\n<div aria-hidden=\"true\">\u00a0<\/div>\r\n<div style=\"text-align: center;\" aria-hidden=\"true\"><img decoding=\"async\" class=\"aligncenter wp-image-43958 size-medium\" src=\"https:\/\/termalica.brukbet.com\/wp-content\/uploads\/2026\/02\/PL_Co-fundedbytheEU_RGB_POS-300x63.png\" alt=\"\" width=\"300\" height=\"63\" srcset=\"https:\/\/termalica.brukbet.com\/wp-content\/uploads\/2026\/02\/PL_Co-fundedbytheEU_RGB_POS-300x63.png 300w, https:\/\/termalica.brukbet.com\/wp-content\/uploads\/2026\/02\/PL_Co-fundedbytheEU_RGB_POS-1024x215.png 1024w, https:\/\/termalica.brukbet.com\/wp-content\/uploads\/2026\/02\/PL_Co-fundedbytheEU_RGB_POS-768x161.png 768w, https:\/\/termalica.brukbet.com\/wp-content\/uploads\/2026\/02\/PL_Co-fundedbytheEU_RGB_POS-1536x323.png 1536w, https:\/\/termalica.brukbet.com\/wp-content\/uploads\/2026\/02\/PL_Co-fundedbytheEU_RGB_POS-2048x430.png 2048w\" sizes=\"(max-width: 300px) 100vw, 300px\" \/><\/div>","protected":false},"excerpt":{"rendered":"<p>&nbsp; Zapraszamy trener\u00f3w pi\u0142ki no\u017cnej pracuj\u0105cych z dzie\u0107mi i m\u0142odzie\u017c\u0105 oraz nauczycieli wychowania fizycznego (szko\u0142a podstawowa i ponadpodstawowa)\u00a0 na\u00a0 bezp\u0142atne spotkanie szkoleniowe w Akademii Pi\u0142karskiej Bruk-Bet Termalica. Wydarzenie rozpocznie si\u0119 we wtorek 24 lutego o godz. 15:30 w sali konferencyjnej na stadionie pi\u0142karskim w Niecieczy. \u00a0 Jak szkolimy? Dlaczego tak? Co realnie dzia\u0142a na boisku? [&hellip;]<\/p>\n","protected":false},"author":2,"featured_media":31726,"parent":0,"menu_order":0,"comment_status":"closed","ping_status":"closed","template":"","meta":{"_acf_changed":false,"footnotes":""},"class_list":["post-43936","page","type-page","status-publish","has-post-thumbnail","hentry"],"acf":[],"_links":{"self":[{"href":"https:\/\/termalica.brukbet.com\/index.php\/wp-json\/wp\/v2\/pages\/43936","targetHints":{"allow":["GET"]}}],"collection":[{"href":"https:\/\/termalica.brukbet.com\/index.php\/wp-json\/wp\/v2\/pages"}],"about":[{"href":"https:\/\/termalica.brukbet.com\/index.php\/wp-json\/wp\/v2\/types\/page"}],"author":[{"embeddable":true,"href":"https:\/\/termalica.brukbet.com\/index.php\/wp-json\/wp\/v2\/users\/2"}],"replies":[{"embeddable":true,"href":"https:\/\/termalica.brukbet.com\/index.php\/wp-json\/wp\/v2\/comments?post=43936"}],"version-history":[{"count":16,"href":"https:\/\/termalica.brukbet.com\/index.php\/wp-json\/wp\/v2\/pages\/43936\/revisions"}],"predecessor-version":[{"id":43979,"href":"https:\/\/termalica.brukbet.com\/index.php\/wp-json\/wp\/v2\/pages\/43936\/revisions\/43979"}],"wp:featuredmedia":[{"embeddable":true,"href":"https:\/\/termalica.brukbet.com\/index.php\/wp-json\/wp\/v2\/media\/31726"}],"wp:attachment":[{"href":"https:\/\/termalica.brukbet.com\/index.php\/wp-json\/wp\/v2\/media?parent=43936"}],"curies":[{"name":"wp","href":"https:\/\/api.w.org\/{rel}","templated":true}]}}